+ -3)*1 - (1 + -1). Let o = 7 + -5. Let x(b) = -1 + 2 - 3*b**2 - o. What is x(n)?
-4
Let t(k) = -6*k. Suppose 8 = 2*l, 22 = -u - 0*u + 5*l. Let p = u - -4. Determine t(p).
-12
Let l(k) be the third derivative of 3*k**5/10 - k**3/6 + 16*k**2. What is l(1)?
17
Let n(k) = 0*k - 16 + 6 - 7*k. Let b(h) = -6*h - 10. Let a(c) = 6*b(c) - 5*n(c). Determine a(-5).
-5
Let n(k) = -k**2 + 7*k + 5. Let b be n(6). Let a(r) = r**2 - 11*r - 2. Let u be a(b). Let d(c) = c**2 + c + 2. Calculate d(u).
4
Suppose -4*f = 38 - 14. Let p(j) = -2*j - 5. Give p(f).
7
Let h = 1 - -1. Let l(j) = j**h + j**3 - j - j**2. Let c be (3 + -3)/4 - -2. Calculate l(c).
6
Let k(u) = 4*u**3 - 3 - 4*u - 4*u**3 + 0 + u**3. Let a(v) = v**3 - 3*v**2 - 3*v - 2. Let w be a(4). Suppose w*n + 3 + 1 = 0. Calculate k(n).
-3
Let m(w) = -2*w**2 + 5*w**3 + 4*w**3 - 8*w**3. Give m(2).
0
Let l(j) = j**3 + 3*j**2 + 3*j + 7. Suppose -2*a = 2 + 6. Let v(b) = 2*b**3 + 7*b**2 + 7*b + 14. Let y(n) = a*v(n) + 7*l(n). What is y(-6)?
-1
Let y be 14*((-36)/21)/(-2). Suppose d + 27 = -5*g, -y - 5 = d + 3*g. Let c(o) = 2*o**2 + 2 - o + 0*o**3 + o**3 + 3*o - 3. What is c(d)?
-5
Let k(b) = b - 13. Let d be k(14). Let w(h) = -2*h**3 + 1. Determine w(d).
-1
Let r(v) = v**3 - 4*v**2 + 2*v + 3. Let s be r(3). Let q(z) = -z**2 + z - 4. Let c be q(s). Let y(f) = -f**2 - 4*f - 6. Determine y(c).
-6
Suppose -3 = -2*f + 3*f. Let v be f/(-6)*(2 - -2). Let g(q) = q**2 + 2*q - 2. Calculate g(v).
6
Let t(n) = 9*n + 1. Let d(w) = -4*w + 0*w - w - 4*w - w**2 - 9. Let x be d(-8). Determine t(x).
-8
Let g(u) = -3*u - 7. Let a(h) = -h**2 + 5*h - 6. Let n be a(5). Calculate g(n).
11
Let a be ((-30)/(-35))/(3/(-21)). Let k(h) = h + 2. Calculate k(a).
-4
Let k(x) = -x**2 + 3*x + 2. Let j be k(3). Suppose -4*t + 8 = -24. Let u be (6/t)/(j/(-8)). Let w(g) = g**2 + 3*g + 2. Give w(u).
2
Let q(f) = f - 3. Let c be (-2 + 2)/(0 - 1). Let l = 2 + c. Suppose 0 = l*o + 2 + 6. Give q(o).
-7
Let x(m) = -2*m + 5. Let w(f) = -f + 3. Let u(t) = 5*w(t) - 3*x(t). Give u(-3).
-3
Let f be 3/6 - (-9)/2. Let r be (9/42 + 4/14)*4. Suppose -16 - 4 = r*n + 4*c, -n = -f*c - 18. Let h(x) = -2*x**3 - 4*x**2 - 3*x - 1. Determine h(n).
5
Let g(o) = -5 + o**2 + 0 + 7*o + 5. What is g(-7)?
0
Let v(r) = -r - 1. Let g(b) = -7*b - 3. Let o(w) = -g(w) + 4*v(w). Let z be o(-2). Let c = z - -4. Let n(j) = -2*j**2 - 4*j - 3. Give n(c).
-9
Suppose 5*r + a = -0*a + 5, 0 = 4*r - 4*a - 28. Let u(s) = -5*s + 2. Calculate u(r).
-8
Let y(z) = -4 + 7 - 3*z - 2. Give y(-1).
4
Let u(g) be the second derivative of -g**5/20 - g**4/6 + g**3/6 - g. Suppose 9*a - 3*a = 18. Suppose -2*l = y - 7, 3*y + 3 = -l + a*l. Calculate u(y).
-2
Let x(n) = -10*n - 14. Let w(s) = s + 1. Let y(k) = -22*w(k) - 2*x(k). What is y(6)?
-6
Suppose 0 = 4*q - 1 + 9. Let n(w) = 5*w. Determine n(q).
-10
Let z(k) = -k**2 + k + 1. Let j(x) = -5*x**2 + 5*x + 6. Let q(b) = j(b) - 6*z(b). What is q(3)?
6
Suppose 22*b - 78 = 9*b. Let d(a) = a + 6. Let y(j) = j + 7. Let l(m) = 7*d(m) - 6*y(m). Determine l(b).
6
Suppose 3*g = 3 - 9. Let r(l) = 3*l + 1. Let q = 11 - 1. Let h(u) = -6*u - 2. Let x(o) = q*r(o) + 4*h(o). Give x(g).
-10
Let i be 1/(-6) + 2/12. Let g(q) be the second derivative of -1/12*q**4 + q**2 + 1/6*q**3 - 2*q + 0. Calculate g(i).
2
Let q(s) = -2*s**2 - 8*s. Let b be q(-4). Let u(h) be the second derivative of h**5/20 - h**2 - 2*h. Determine u(b).
-2
Let x(q) be the third derivative of q**7/840 + q**6/72 + q**5/30 - q**4/6 + q**3/2 - 9*q**2. Let t(d) be the first derivative of x(d). Determine t(-4).
-4
Let k be (4*(-1)/(-2))/(26/13). Let s(g) = -10*g**2 - 7*g - 6. Let c(t) = -30*t**2 - 20*t - 17. Let i(o) = 6*c(o) - 17*s(o). What is i(k)?
-11
Let n(o) = -o**2 - 6. Suppose l + 10 = -4*l. Let i be l/(3/((-18)/4)). Let a = i - 3. Calculate n(a).
-6
Let q(u) = u - 2. Suppose 9*s - 7*s - 12 = 0. Let r be ((-12)/9)/((-2)/s). Give q(r).
2
Let a(q) = 2*q + 6. Let s(h) = -h - 1. Let g(w) = a(w) + s(w). What is g(-7)?
-2
Let q(a) = -2*a**2 + 3. Suppose -3*c - 2*i = -9, 4*i - 4 = -2*c + 2. Calculate q(c).
-15
Let s(d) = 7*d + 1 + 2 - 2*d**2 - 10*d. Let q(t) = -3*t**3 - 4*t**2 - 3*t - 2. Let m be q(-2). Suppose -z + 2*z = 3*f - m, -3*f = -3*z - 18. Calculate s(z).
-6
Suppose 3*m + 2 - 11 = 0. Let i(h) = -4*h + 6*h - 3*h - 4 + 3*h. What is i(m)?
2
Let w(n) = -n**2 - 6*n - 3. Let g(b) = -6*b**3 - b + 1. Let o be g(1). Let t = o + 2. Give w(t).
5
Let m(p) = p. Let u(w) = 1. Let o(y) = 2*m(y) + u(y). Determine o(-4).
-7
Let d(u) = -3*u**3 - u**2 + 3*u - 2. Let t(j) = 16*j**3 + 5*j**2 - 16*j + 11. Let l(b) = -11*d(b) - 2*t(b). Let r = -1 - 2. Let a = -3 - r. Determine l(a).
0
Let j(i) = -i**2 + 4. Let r be (6 + (-68)/10)/(2/10). Give j(r).
-12
Let s be 2 - 3*(3 + -2). Let y(o) = -5*o**3 - 1. Calculate y(s).
4
Let d(w) = w + 5. Let r(m) = 2*m**2 - 2*m - 6. Let l be r(3). Give d(l).
11
Let k(v) = v. Let s(p) = 2*p + 4. Let j(h) = -k(h) + s(h). Let a(b) = -6*b**2 + 2*b + 1. Let m be a(-1). Let l be j(m). Let u(z) = -2*z - 2. Calculate u(l).
4
Let o(z) = -9 - 7 - z**3 - z + 10. What is o(0)?
-6
Let x(d) be the first derivative of d**2/2 + 11*d - 40. Determine x(-10).
1
Let k(x) = -3*x**2 + 2*x + 2. Let m(h) = -h**2 + h + 1. Let p(n) = 2*k(n) - 5*m(n). Give p(0).
-1
Let y(h) = -5*h + 12*h**2 + 0*h**2 - 3 + 1 + 12*h. Let o(j) = -6*j**2 - 4*j + 1. Let v(g) = 7*o(g) + 4*y(g). Determine v(-1).
5
Let d(n) be the first derivative of n**4/4 + n**2/2 + n - 3. Let k(q) = 3*q**3 + q. Suppose 2 = -0*h + 2*h. Let g(j) = h*k(j) - 2*d(j). Determine g(0).
-2
Let g = 6 + -3. Suppose g*y = 3*z, -y - 3*z = 4*y - 16. Let r(s) = 4*s**2 - 2 - s + 4 - 5*s**y. Give r(-2).
0
Suppose 4*n - 4 = -24. Let q(o) = o**3 - o**3 - 1 - 4*o - o**3 - 6*o**2. Give q(n).
-6
Suppose -2*w = 3*w + 30. Let u(p) be the third derivative of -p**6/120 - 7*p**5/60 - p**4/6 + 7*p**3/6 - 5*p**2. Give u(w).
-5
Suppose -r + 0*r + 6 = 0. Let m(o) = o**2 - 5*o - 4. Let j be m(r). Let q(l) = 29*l - 3. Let g(w) = 7*w - 1. Let d(x) = 9*g(x) - 2*q(x). Determine d(j).
7
Let t(y) = y**3 + 4*y**2 + 3*y + 5. Let m(p) = -2*p - 10. Let u be m(-7). Suppose u*v = -0*v. Suppose j + j + f + 4 = 0, 5*j - 5*f + 40 = v. Give t(j).
-7
Let i(m) = -2*m. Let q = -56 + 58. Give i(q).
-4
Let d(m) = 3 - 4*m - 2*m + 8*m. Suppose -9 = -6*q + 3*q. Suppose 0 = 2*g + 2*r + q*r + 26, 3*r = -3*g - 21. Calculate d(g).
-3
Let l(y) = -5*y. Let i be ((-5)/(5/(-4)))/(-2). What is l(i)?
10
Let j(g) = -4*g + 28. Let k be j(5). Let m(t) = 3*t - 12. What is m(k)?
12
Let s(z) = z**3 + 6*z**2 + 2*z - 5. Let w = 4 + -10. Let c(t) = -t**2 - 4*t + 7. Let x be c(w). What is s(x)?
10
Let i = -18 + 9. Let d be (0 + 3/i)*9. Let w(p) = -p**3 - 3*p**2 - p + 3. What is w(d)?
6
Suppose 5*i = i - 24. Let m = 2 - i. Let l(s) = 5*s + 10*s**2 + 4 - m*s**2 - 1. Determine l(-3).
6
Let s(i) = -i**2 + i + 4. Let l = 8 + -5. Let a be -3 + 2*l/2. Calculate s(a).
4
Suppose -w = -3*w. Let r(a) = -a + w*a**2 + 7 - a**2 + 1. Determine r(0).
8
Let y = 3 + 0. Let x(i) = i**3 - i**2 - i - 1. Let h(p) = 4*p**3 - 5*p**2 - 6*p - 5. Let a(k) = -h(k) + 3*x(k). What is a(y)?
2
Let p(w) = w**3 - 8*w**2 + 7*w - 2. Let f be p(7). Let g(o) be the second derivative of o**4/4 + o**3/3 - o**2 + 5*o. Determine g(f).
6
Let k(n) be the first derivative of n**4/4 - 4*n**3/3 - 3*n**2 - 5. Determine k(5).
-5
Let y(m) = m + 3. Let q be 2/12 - (-15)/18. Let s be 4*q/2 + -7. Let j = 1 + s. Calculate y(j).
-1
Suppose -2*g + 0 = t + 9, 15 = -2*g + 5*t. Let x(q) = -q**3 - 4*q**2 + 7*q + 5. Determine x(g).
-5
Let s(z) be the third derivative of -z**5/60 + z**4/4 + 7*z**3/6 - 61*z**2. Suppose 0 = u - 5*u + 20. Determine s(u).
12
Let w(l) = -55 - 55 + 8*l + 109. What is w(1)?
7
Let h = 22 - 43/2. Let v(q) be the first derivative of h*q**2 + 5*q - 1. What is v(-5)?
0
Let i(x) = 2*x. Let h = -26 - -24. What is i(h)?
-4
Let o be 0 + 0 + 12/6. Let w(f) = 0 - 8*f**2 - 3 + 9*f**o. What is w(-3)?
6
Let u = -4 + 3. Let y be (-3)/(-3)*(1 + -1). Let b(f) = -f + y*f**3 - 1 + 0 + 5*f**3. Give b(u).
-5
Let q be 27/(-12)*(-40)/15. Let a(z) = z - 3. Calculate a(q).
3
Let y(b) be the second derivative of b**6/120 + b**5/30 - b**4/8 + b**3/3 + 4*b**2 - 2*b. Let t(d) be the first derivative of y(d). Calculate t(-3).
2
Suppose -u = 4*u - 5*q, -2*q - 6 = u. Let g = u - -7. Let f(m) = 